104?
False
Is 329 a factor of 44472050?
False
Is 129308102 a multiple of 386?
False
Does 406 divide 1924813874?
False
Is 2407 a factor of 627191990?
True
Is 22771464 a multiple of 24?
True
Is 813 a factor of 1495970395?
False
Does 690 divide 58926825?
False
Does 15 divide 80329125?
True
Does 949 divide 80359422?
True
Does 8 divide 127591496?
True
Is 68712383 a multiple of 282?
False
Is 11745718 a multiple of 2609?
True
Is 61697196 a multiple of 1217?
False
Does 150 divide 1120298550?
True
Does 119 divide 10485923?
True
Is 169661296 a multiple of 28?
True
Does 2495 divide 58269421?
False
Does 407 divide 141452684?
False
Is 200 a factor of 57063600?
True
Is 162348201 a multiple of 1019?
False
Is 1628995474 a multiple of 340?
False
Is 7 a factor of 354141760?
True
Is 16 a factor of 5816000?
True
Is 275087284 a multiple of 2898?
False
Does 525 divide 14528812?
False
Is 112 a factor of 60423888?
True
Is 72 a factor of 15507662?
False
Is 58797000 a multiple of 45?
True
Is 36432234 a multiple of 54?
True
Does 317 divide 1137049?
False
Does 3920 divide 47571507?
False
Is 26 a factor of 137723669?
False
Is 2006950 a multiple of 89?
True
Is 507 a factor of 801582193?
False
Is 498201284 a multiple of 478?
False
Is 642150479 a multiple of 238?
False
Does 236 divide 100952?
False
Is 8 a factor of 213696464?
True
Does 24 divide 224814504?
True
Is 10687384 a multiple of 2?
True
Does 61 divide 41321856?
False
Is 1218961346 a multiple of 61?
False
Is 380 a factor of 52977020?
False
Is 21 a factor of 184051203?
True
Does 505 divide 31486592?
False
Does 40 divide 32420680?
True
Is 49073118 a multiple of 34?
True
Is 72 a factor of 602659006?
False
Is 74145670 a multiple of 17?
True
Is 14 a factor of 128522254?
True
Does 113 divide 2659241204?
True
Is 5836565 a multiple of 7?
True
Is 5465 a factor of 99031265?
True
Is 58972616 a multiple of 155?
False
Is 244 a factor of 2713756044?
True
Does 14 divide 23562728?
True
Is 12004242 a multiple of 273?
False
Is 170 a factor of 51063979?
False
Is 518444328 a multiple of 236?
True
Is 1819 a factor of 16381914?
True
Does 156 divide 867102202?
False
Is 46308181 a multiple of 2547?
False
Does 1128 divide 31637016?
True
Is 8402394 a multiple of 546?
True
Does 21 divide 64215396?
True
Does 40 divide 204216400?
True
Is 19197120 a multiple of 64?
True
Is 6 a factor of 1986992582?
False
Is 37 a factor of 72458217?
False
Is 103912986 a multiple of 1640?
False
Is 15 a factor of 13773070?
False
Is 417 a factor of 3202897?
False
Is 400 a factor of 3442727213?
False
Does 1029 divide 1565615079?
False
Does 31 divide 20847983?
False
Is 7 a factor of 9363897?
False
Does 34 divide 201936506?
True
Does 370 divide 63753220?
True
Does 91 divide 3442158?
False
Is 282127865 a multiple of 109?
False
Is 22 a factor of 10298310?
True
Is 273850869 a multiple of 5363?
True
Is 1507949806 a multiple of 3391?
False
Is 34669284 a multiple of 402?
True
Does 2 divide 9887331?
False
Does 5450 divide 3251371900?
True
Does 2757 divide 1711566996?
False
Is 249141324 a multiple of 2074?
True
Is 36 a factor of 478179619?
False
Does 22 divide 65712856?
True
Does 690 divide 16448412?
False
Does 241 divide 12871087?
True
Is 144026432 a multiple of 10?
False
Is 146 a factor of 142662878?
True
Does 4 divide 3114376460?
True
Does 99 divide 53822142?
True
Does 13 divide 41894871?
False
Does 25 divide 211810400?
True
Is 50722740 a multiple of 14?
False
Is 114005910 a multiple of 2635?
True
Is 57266469 a multiple of 283?
False
Is 35014728 a multiple of 2751?
True
Is 107 a factor of 41414778?
True
Is 295246875 a multiple of 4125?
True
Is 37 a factor of 1244770123?
False
Is 5 a factor of 65008829?
False
Is 502894 even?
True
Does 656 divide 35316790?
False
Does 344 divide 36432084?
False
Is 713647044 a multiple of 2306?
True
Is 210 a factor of 29522693?
False
Does 27 divide 60484344?
False
Does 92 divide 7572704?
True
Is 201698756 a multiple of 266?
True
Is 793590336 a multiple of 144?
True
Does 3 divide 16623840?
True
Is 423436812 a multiple of 2641?
True
Is 331 a factor of 18609482?
True
Does 113 divide 106436803?
False
Does 11 divide 1004045360?
False
Is 36490376 a multiple of 716?
False
Is 33629627 a multiple of 6?
False
Is 2358945 a multiple of 2493?
False
Is 1446980144 a multiple of 23?
False
Is 31 a factor of 31914469?
True
Is 54 a factor of 3285833?
False
Does 81 divide 19760679?
True
Does 2303 divide 248259956?
False
Is 8616210 a multiple of 318?
True
Is 666 a factor of 15638346?
True
Is 21847038 a multiple of 82?
False
Is 253795641 a multiple of 159?
True
Is 6633933 a multiple of 183?
True
Is 2349546071 a multiple of 2785?
False
Is 225 a factor of 80702100?
True
Is 2490059612 a multiple of 11267?
False
Does 13 divide 849173975?
True
Does 7 divide 14434532?
True
Is 86886296 a multiple of 56?
True
Does 179 divide 48241216?
True
Does 709 divide 94388557?
False
Does 291 divide 201174286?
False
Is 139155183 a multiple of 153?
True
Does 482 divide 3617154?
False
Is 71346604 a multiple of 97?
True
Is 3323 a factor of 826807789?
False
Does 2154 divide 468559342?
False
Does 6 divide 178573908?
True
Is 16864 a factor of 4361249632?
True
Is 12 a factor of 138438467?
False
Does 106 divide 1825639149?
False
Is 335 a factor of 7465350352?
False
Does 14 divide 270693920?
True
Is 13956884 a multiple of 233?
False
Is 37009770 a multiple of 105?
True
Does 106 divide 391019?
False
Is 68 a factor of 39703652?
False
Is 7 a factor of 241345198?
False
Is 279960252 a multiple of 143?
True
Does 10 divide 207662282?
False
Does 4 divide 711547123?
False
Does 83 divide 2056739585?
True
Is 71617025 a multiple of 1242?
False
Does 79 divide 517962394?
True
Is 401 a factor of 506684753?
True
Is 4553507 a multiple of 89?
True
Does 162 divide 457993738?
False
Does 5 divide 147025865?
True
Does 20 divide 2711402788?
False
Is 77 a factor of 2701619?
False
Is 58060672 a multiple of 2325?
False
Does 5 divide 4547634?
False
Is 25 a factor of 57672675?
True
Is 251 a factor of 12253318?
True
Does 33 divide 860068?
False
Does 3221 divide 84380537?
True
Is 818614999 a multiple of 158?
False
Is 30 a factor of 3752152430?
False
Is 84330664 a multiple of 341?
True
Is 365 a factor of 371738528?
False
Does 3 divide 262606114?
False
Is 549708265 a multiple of 46?
False
Is 6107 a factor of 1485825899?
False
Is 59812216 a multiple of 740?
False
Is 37 a factor of 39713469?
True
Does 12 divide 124229812?
False
Is 19091580 a multiple of 5?
True
Is 650 a factor of 14920750?
True
Is 448534125 a multiple of 6?
False
Is 17033058 a multiple of 27?
True
Is 14194320 a multiple of 245?
True
Is 9 a factor of 713341404?
True
Is 816181 a multiple of 589?
False
Is 95644919 a multiple of 43?
False
Is 1076940 a multiple of 30?
True
Is 11 a factor of 768771256?
True
Is 11 a factor of 2913558106?
False
Is 30017904 a multiple of 164?
True
Is 64975907 a multiple of 11?
False
Does 324 divide 966171648?
False
Does 2755 divide 208294530?
True
Is 2247268177 a multiple of 2166?
False
Is 1387 a factor of 1188561910?
True
Is 6 a factor of 973030360?
False
Is 206 a factor of 137163040?
True
Is 3089108 a multiple of 3?
False
Is 29572961 a multiple of 288?
False
Does 72 divide 1290888?
True
Is 58 a factor of 140361503?
False
Does 2 divide 510870590?
True
Is 2170359 a multiple of 2151?
True
Is 18209789 a multiple of 386?
False
Is 65 a factor of 167999399?
False
Is 16 a factor of 1917438264?
False
Does 984 divide 224067188?
False
Is 51 a factor of 1166415651?
False
Does 9 divide 7631037?
True
Is 1726417699 a multiple of 7730?
False
Is 1604 a factor of 251510408?
True
Is 590365943 a multiple of 19?
False
Is 21 a factor of 69338546?
False
Is 1658 a factor of 446507690?
True
Is 3 a factor of 7879055?
False
Is 265872163 a multiple of 112?
False
Does 9 divide 32093775?
True
Is 15 a factor of 1961445?
True
Is 864 a factor of 20584800?
True
Is 746 a factor of 44167752?
False
Is 4692835792 a multiple of 24?
False
Is 2608 a factor of 2699227840?
True
Does 39 divide 13706511?
True
Is 5 a factor of 15790?
True
Does 856 divide 20466104?
True
Is 1379057729 a multiple of 68?
False
Does 568 divide 1900721120?
True
Is 923129780 a multiple of 31?
True
Is 1284 a factor of 13776172?
False
Is 93 a factor of 302370389?
False
Is 104946150 a multiple of 80?
Fals